1 = 3*i + 271. Let y = -167 - i. What is the tens digit of y?
4
What is the units digit of (-2)/((-2)/5121) + 4?
5
Let l(q) = 3*q + 12. Let a be l(-8). Let h = -7 - a. What is the units digit of h?
5
What is the tens digit of (40428/(-20))/((-9)/15)?
6
Let f(j) = 2*j**2 + 4*j - 3. Let c(u) = -u + 7. Let a be c(6). What is the units digit of f(a)?
3
Let i(z) = 1 + 9*z**2 + 33*z**3 - 36*z**3 + 0*z - 6*z. Let c(n) = 13*n**3 - 36*n**2 + 25*n - 3. Let r(s) = -2*c(s) - 9*i(s). What is the tens digit of r(9)?
3
What is the hundreds digit of (128/(-192))/(2474/(-1236) - -2)?
4
Let g be 11*29/2*-2. Let r = g + 597. What is the tens digit of r?
7
Let f = -122 - -116. Let a(p) = -p**2 - 15*p - 12. What is the units digit of a(f)?
2
Suppose 0*l - 2*l = 4*c - 86, 12 = 4*c. Let u be 2/3 - 253/(-3). Suppose n - l = -5*o, 2*n - 6*n = -o - u. What is the tens digit of n?
2
Let l(a) = 7*a**3 - a**2 + 2*a - 1. Let p(w) = -w**2 - 12*w - 10. Let y(n) = n**3 + 2*n**2 - 2. Let h be y(-3). Let o be p(h). What is the units digit of l(o)?
7
Let u be (-1 - 1 - 0)/(-1). Suppose 2*n - 8 + 26 = i, 3*i + u*n = 14. Let g = 8 + i. What is the units digit of g?
6
Suppose 2403 = 2*u + 3*x, -2*u + 2*x + 2395 = -3*x. What is the units digit of u?
0
What is the tens digit of -1*(-6)/30 - (-687)/15?
4
Let c = -8696 - -15096. What is the thousands digit of c?
6
Let k(d) = 3*d**2 + 16*d + 40. Suppose 7*v - 32 = -95. What is the units digit of k(v)?
9
What is the hundreds digit of (105/(-14))/((-5)/110)?
1
Suppose 4*x = 0, 0 = -3*f - 3*x + 2759 - 608. What is the hundreds digit of f?
7
Let q(t) = 11*t**2 - 26*t - 1. What is the thousands digit of q(-15)?
2
Suppose 0 = -6*i + 18*i - 10428. What is the units digit of i?
9
Suppose -13*h = -594 - 69. What is the units digit of h?
1
Let z(k) = 9*k - 60. Let l be z(7). Suppose l*q - 453 = t, 0 = -4*t - 7 - 5. What is the hundreds digit of q?
1
Let v = 17 + 781. What is the hundreds digit of v?
7
Let s = 32 + -48. Let j be (-3)/2*(14 + s). Suppose -r - 3*w + 22 + 22 = 0, 0 = -3*r - j*w + 150. What is the units digit of r?
3
Let v(k) = k**3 - 5*k**2 - 7*k + 8. Let t = 8 + -2. Let x be v(t). What is the tens digit of ((-14)/21)/(x/(-57))?
1
Let w = 18 + -17. Let q = 30 + w. What is the tens digit of q?
3
Suppose -s + 3 = 0, 4*m = 4*s - 2*s - 6. Suppose 0*g - 2*g = d - 13, -g + 5*d + 1 = m. What is the units digit of g?
6
Suppose -2*m + 6*m + 209 = x, 393 = 2*x - 3*m. Suppose 4*d - n + x = 0, n = -2*n + 15. What is the units digit of d*(3/2 - 2)?
3
What is the units digit of (13 - (13 + -7)) + 0?
7
Let c(j) = -2*j**2 - 5*j + 2. Let t be c(3). Let d(q) = q**3 + 27*q**2 + 72*q - 50. Let v be d(-24). Let i = t - v. What is the tens digit of i?
1
Suppose 0 = -3*i + 209 + 181. What is the hundreds digit of i?
1
Let m = -3625 - -5443. What is the thousands digit of m?
1
Suppose -w - 3054 = -5*p, 3121 - 1287 = 3*p - w. Suppose 0 = 5*k, -186 = -4*r + 4*k + p. What is the tens digit of r?
9
Let y = 32 + -30. Suppose -122 = -y*r - 46. What is the tens digit of r?
3
Let j = -24 - -34. Suppose -2*c + 4*s = -c - 25, -2*c - j = 4*s. Suppose c*p = -2*k + 343, -k - 277 = -3*p - p. What is the tens digit of p?
6
Suppose -2*n = -4*f + 2*n + 240, 69 = f + 2*n. Let z = -44 + f. What is the units digit of z?
9
Suppose -3*z - 41 = 25. Let m = 10 - z. What is the tens digit of m?
3
Let q(r) = 56*r**3 + r**2 - r - 1. Let h be q(-1). What is the units digit of 2/(-5) + (-2332)/h?
2
Suppose 0 = 3*n + s - 572, 5*s - 307 = -3*n + 261. What is the units digit of n?
1
Suppose 1361 = 2*o - 5*p, 2*o - p - 673 = o. What is the units digit of o?
8
Let w = 7438 - 5223. What is the tens digit of w?
1
Let w = -11 + 1. Let j = 27 + w. What is the tens digit of (2 - 4)*j/(-2)?
1
Suppose 0 = -l - 3*l - 4, -4*n + l = -17. Let m be ((-2)/6)/(1/(-93)). Suppose 34 = 2*b - 5*q, 0 = -5*b + n*q - m + 99. What is the tens digit of b?
1
Suppose -4*t - 5*z + 769 = -2996, -2*t - 4*z + 1890 = 0. What is the tens digit of t?
3
Suppose 2*v - 2196 = -2*i, -3*v + 2972 + 317 = 4*i. What is the tens digit of v?
0
Let m be (1/3)/((-5)/735). Let v = 84 + m. What is the units digit of v?
5
Let q be (36/16 + -3)*4. Let r be (-168)/(-32)*(-8)/q. What is the tens digit of r - (-2 - (-25)/5)?
1
Let s = 12 + 6. Suppose -2*h = 3*x - 25, s - 78 = -3*h + 3*x. What is the tens digit of h?
1
Let f be (9/(-6))/(2/(-4)). Suppose -3*o - f*m - 2 = 4, 3*o = -2*m - 1. Suppose -5*v - o*x + 141 = 0, 0 = 3*v - 6*v - 5*x + 75. What is the tens digit of v?
3
Suppose -40*m + 44*m = -5*r + 21167, -m + r = -5294. What is the thousands digit of m?
5
Let s(m) = -m**3 + 52*m**2 - 21*m - 128. What is the units digit of s(51)?
2
Let m be 190 + (1 - 9 - -4). Let p = -97 + m. What is the tens digit of p?
8
Let b be (3 - -2)*(-6)/(-15). Let v = 0 + b. Suppose 0 = -d + 19 + v. What is the tens digit of d?
2
Suppose 0 = s - 2*o - 87, 0 = -4*o + 5 + 11. Let t = -48 + s. What is the units digit of t?
7
Suppose -8104 = -4*o - 4*z, -4*o + o = -4*z - 6071. What is the tens digit of o?
2
What is the hundreds digit of (2028/8 - -8)*4?
0
What is the tens digit of 15093/24 - (-38)/304?
2
Suppose 0 = -5*i - n - 0*n + 200, -5*n = 4*i - 160. Let x = 74 - i. What is the tens digit of 2/((-6)/(-3))*x?
3
Suppose 2*w = 2*u + 750, 3*w - 2*u - 1108 = 17. Suppose 0 = 4*x + 3*f - 991, 5*f = 5*x - 890 - w. What is the tens digit of x?
5
Let t = -13 + 15. Suppose t*w + 12 = 5*w. Suppose -3*z = -5*p - 83, 0 = -0*z - 2*z + w*p + 56. What is the tens digit of z?
2
Let v be -3 + 2 + -2 - -1. Suppose 3*w = -133 - 137. What is the units digit of 3/v*w/27?
5
Let n = 15 + -19. What is the units digit of (-375)/(-7) + n/7?
3
Let b(p) = -p**2 - 6*p - 7. Let i = -26 + 22. What is the units digit of b(i)?
1
Suppose 45 - 33 = -3*h. What is the units digit of 6*(h + -3)*-2?
4
Let l = 21 + -15. Suppose -4*c - l = 6. What is the units digit of -9*(2 + 14/c)?
4
Let q(l) be the third derivative of -43*l**6/120 + l**5/30 - l**3/6 + 12*l**2. What is the tens digit of q(-1)?
4
Suppose 39*y - 4376 = 37*y + 2*m, 2*m - 10919 = -5*y. What is the thousands digit of y?
2
What is the units digit of 26/(-1 - (-95)/90)?
8
What is the tens digit of (1 + 3)/8*(-344)/(-2)?
8
Let k(s) = s**3 - 5*s**2 - s + 8. Let b be k(5). Suppose b*u - 108 = -p + u, 3*u = -5*p + 554. What is the tens digit of p?
1
Let z(f) = -f + 7. Let g(r) = -2*r**2 + 5*r - 4. Let a be g(3). Let b be z(a). Let o = 16 + b. What is the units digit of o?
0
Let o(c) be the first derivative of -9*c**2/2 - 22*c + 2. What is the tens digit of o(-11)?
7
Suppose -32*t - 17971 = -73779. What is the hundreds digit of t?
7
Let d = -13 - -17. Suppose 0 = 2*n - 5*w + 4, 2*w = 5*n + 6*w - 23. Suppose -n*t = l - 8, l + d*t = 4 - 1. What is the tens digit of l?
2
Let v(b) = -b**2 + 6*b - 4. Let t be v(5). What is the units digit of 71 - (0 + t)*-1?
2
Suppose -11*s = -5732 + 1574. What is the hundreds digit of s?
3
Let d(m) = 12*m**2 - 63*m + 4. What is the tens digit of d(8)?
6
Let r be (-1 + 0 + 1)/(-1). Let b(t) = -t**2 + t + 5. Let q be b(r). Suppose -q*z + 70 = -3*z. What is the units digit of z?
5
Suppose 67 + 22 = i. Suppose 4*s - 387 - i = 0. What is the hundreds digit of s?
1
Let s(p) be the second derivative of -2*p**3 - 49*p**2 + 2*p + 1. What is the units digit of s(-22)?
6
Let j be (-2)/9 + 40/18. Let g(v) = 6*v + 57. Let y be g(-9). Suppose -y*l = 3*x - 246, j*x = -l - x + 92. What is the units digit of l?
7
Let u be (-65)/(-9) - (-22)/(-99). Let o be 19 - (4 + (3 - u)). Let m = o + -17. What is the units digit of m?
2
Suppose 5*d - 382 = 2*k, 2*k = 4*d - 0*k - 306. What is the tens digit of d?
7
Let p be (-4)/10 + (-2346)/(-15). Let g = -89 + p. Suppose t = -10 + g. What is the units digit of t?
7
Let t(o) = -181*o + 10. Let m(v) = 544*v - 29. Let w(h) = -6*m(h) - 17*t(h). What is the hundreds digit of w(-1)?
1
Suppose -4*h + 2220 = 4*x, -86 = -x + h + 477. Suppose 0 = 5*i + 7*y - 4*y - 686, -4*i + x = -y. What is the units digit of i?
9
Let c(g) = 5*g**2 + g + 2. Suppose -1 = -3*n + 5. Let l = n - 3. What is the units digit of c(l)?
6
Suppose 76*g - 78*g + 560 = 0. What is the units digit of g?
0
Let p = 71 - 49. Suppose 55*x - 59*x + 124 = 0. Suppose -f + p = 3*s - 52, 0 = 2*s - 3*f - x. What is the units digit of s?
